List the prime factors of 5243232.
2, 3, 54617
List the prime factors of 18890053.
7, 13, 41, 61, 83
List the prime factors of 471954.
2, 3, 7, 17, 661
List the prime factors of 859844.
2, 103, 2087
List the prime factors of 1982557.
17, 139, 839
What are the prime factors of 955734?
2, 3, 13, 12253
What are the prime factors of 5559170?
2, 5, 17, 53, 617
What are the prime factors of 1045927?
211, 4957
What are the prime factors of 144595?
5, 11, 239
What are the prime factors of 494022?
2, 3, 137, 601
List the prime factors of 314114.
2, 157057
What are the prime factors of 437482?
2, 43, 5087
What are the prime factors of 1056697?
31, 89, 383
What are the prime factors of 203917?
7, 29131
List the prime factors of 1728784.
2, 167, 647
List the prime factors of 583252.
2, 43, 3391
List the prime factors of 7104192.
2, 3, 163, 227
List the prime factors of 7416.
2, 3, 103
List the prime factors of 303059.
17, 17827
What are the prime factors of 1475014?
2, 737507
List the prime factors of 759600.
2, 3, 5, 211
What are the prime factors of 336953?
223, 1511
List the prime factors of 167328.
2, 3, 7, 83
What are the prime factors of 4369181?
127, 34403
List the prime factors of 45916.
2, 13, 883
List the prime factors of 618383.
43, 73, 197
List the prime factors of 253746.
2, 3, 37, 127
What are the prime factors of 148766?
2, 74383
List the prime factors of 304066.
2, 7, 37, 587
List the prime factors of 98493.
3, 32831
List the prime factors of 3447660.
2, 3, 5, 37, 1553
What are the prime factors of 29660712?
2, 3, 41, 43, 701
What are the prime factors of 930224?
2, 47, 1237
What are the prime factors of 630286?
2, 29, 10867
What are the prime factors of 214065?
3, 5, 67, 71
List the prime factors of 243004.
2, 79, 769
List the prime factors of 7350547.
23, 319589
What are the prime factors of 4795168?
2, 7, 21407
List the prime factors of 10704.
2, 3, 223
List the prime factors of 24699623.
13, 17, 73, 1531
List the prime factors of 754420.
2, 5, 67, 563
List the prime factors of 136397.
136397
List the prime factors of 2421467.
2421467
List the prime factors of 8884455.
3, 5, 17, 34841
List the prime factors of 913937.
17, 37, 1453
What are the prime factors of 5079655?
5, 7, 145133
What are the prime factors of 8951824?
2, 7, 257, 311
What are the prime factors of 5116931?
1759, 2909
List the prime factors of 19789116.
2, 3, 43, 38351
List the prime factors of 9801.
3, 11
What are the prime factors of 35580109?
35580109
List the prime factors of 188827.
188827
What are the prime factors of 569017?
251, 2267
What are the prime factors of 768379?
19, 37, 1093
List the prime factors of 389005.
5, 77801
What are the prime factors of 14276102?
2, 1447, 4933
What are the prime factors of 267079?
103, 2593
List the prime factors of 7376908.
2, 7, 11, 43, 557
What are the prime factors of 124041?
3, 173, 239
What are the prime factors of 130025?
5, 7, 743
List the prime factors of 71908.
2, 17977
What are the prime factors of 1010948?
2, 252737
List the prime factors of 7795862.
2, 691, 5641
What are the prime factors of 104365?
5, 20873
List the prime factors of 414096.
2, 3, 8627
What are the prime factors of 36709800?
2, 3, 5, 17, 59, 61
What are the prime factors of 218533?
7, 31219
What are the prime factors of 14147864?
2, 619, 2857
What are the prime factors of 2901044?
2, 29, 89, 281
What are the prime factors of 38153?
38153
What are the prime factors of 2152807?
53, 151, 269
List the prime factors of 212181.
3, 107, 661
List the prime factors of 66377.
66377
List the prime factors of 311836.
2, 7, 37, 43
What are the prime factors of 1855948?
2, 463987
What are the prime factors of 5226770?
2, 5, 522677
What are the prime factors of 318720?
2, 3, 5, 83
What are the prime factors of 381747?
3, 127249
List the prime factors of 526752.
2, 3, 31, 59
List the prime factors of 6036258.
2, 3, 17, 23, 31, 83
List the prime factors of 5611521.
3, 1870507
What are the prime factors of 22650402?
2, 3, 107, 35281
List the prime factors of 1039136.
2, 7, 4639
What are the prime factors of 1815347?
1815347
What are the prime factors of 225444?
2, 3, 18787
List the prime factors of 414731.
414731
What are the prime factors of 50602?
2, 25301
List the prime factors of 10137581.
1453, 6977
What are the prime factors of 485475?
3, 5, 6473
List the prime factors of 64547.
7, 9221
What are the prime factors of 112069?
112069
What are the prime factors of 21675274?
2, 10837637
List the prime factors of 4294612.
2, 7, 153379
List the prime factors of 294256.
2, 53, 347
List the prime factors of 295226.
2, 147613
List the prime factors of 2535293.
2535293
List the prime factors of 987260.
2, 5, 49363
List the prime factors of 166988.
2, 109, 383
List the prime factors of 2976555.
3, 5, 198437
List the prime factors of 19337413.
137, 191, 739
What are the prime factors of 298086?
2, 3, 49681
List the prime factors of 474197.
474197
List the prime factors of 10534672.
2, 658417
What are the prime factors of 1398677?
7, 199811
List the prime factors of 585158.
2, 7, 853
List the prime factors of 747597.
3, 249199
List the prime factors of 2017315.
5, 83, 4861
What are the prime factors of 524105?
5, 37, 2833
List the prime factors of 10085481.
3, 7, 160087
What are the prime factors of 108486?
2, 3, 7, 41
What are the prime factors of 1196854?
2, 598427
List the prime factors of 34258098.
2, 3, 7, 815669
What are the prime factors of 149792?
2, 31, 151
What are the prime factors of 3939800?
2, 5, 19699
What are the prime factors of 17226407?
11, 19, 59, 127
What are the prime factors of 1031134?
2, 13, 39659
List the prime factors of 453248.
2, 3541
What are the prime factors of 19957750?
2, 5, 97, 823
What are the prime factors of 1871546?
2, 631, 1483
What are the prime factors of 877432?
2, 67, 1637
List the prime factors of 567343.
7, 81049
What are the prime factors of 53665?
5, 10733
What are the prime factors of 6579654?
2, 3, 1096609
List the prime factors of 18466518.
2, 3, 7, 19, 73, 317
List the prime factors of 3348770.
2, 5, 334877
What are the prime factors of 2243757?
3, 747919
List the prime factors of 3588868.
2, 181, 4957
What are the prime factors of 2258224?
2, 53, 2663
What are the prime factors of 265488?
2, 3, 5531
List the prime factors of 27754826.
2, 11, 149, 8467
What are the prime factors of 1595331?
3, 17, 10427
What are the prime factors of 5554943?
5554943
List the prime factors of 6190814.
2, 7, 442201
What are the prime factors of 179807?
179807
What are the prime factors of 1050781?
1050781
List the prime factors of 34187.
17, 2011
List the prime factors of 495958.
2, 17, 29, 503
List the prime factors of 1241707.
19, 65353
List the prime factors of 217108.
2, 54277
What are the prime factors of 6792676?
2, 11, 317, 487
What are the prime factors of 223232?
2, 109
What are the prime factors of 253450?
2, 5, 37, 137
What are the prime factors of 1142622?
2, 3, 13, 19, 257
List the prime factors of 700203.
3, 7, 33343
List the prime factors of 23459914.
2, 1907, 6151
What are the prime factors of 1491950?
2, 5, 53, 563
List the prime factors of 2341303.
2341303
List the prime factors of 711986.
2, 11, 32363
What are the prime factors of 19853?
19853
What are the prime factors of 1214106?
2, 3, 17, 11903
List the prime factors of 573394.
2, 286697
List the prime factors of 74199.
3, 24733
List the prime factors of 856984.
2, 107123
What are the prime factors of 704302?
2, 157, 2243
What are the prime factors of 45714?
2, 3, 19, 401
List the prime factors of 12925785.
3, 5, 861719
List the prime factors of 121523.
121523
List the prime factors of 152167.
17, 8951
List the prime factors of 4192009.
59, 227, 313
List the prime factors of 2307601.
2307601
What are the prime factors of 1306532?
2, 326633
List the prime factors of 27298799.
11, 2481709
List the prime factors of 376945.
5, 75389
What are the prime factors of 9108370?
2, 5, 149, 6113
What are the prime factors of 1018262?
2, 7, 72733
List the prime factors of 236080.
2, 5, 13, 227
List the prime factors of 3004089.
3, 11, 91033
What are the prime factors of 158733?
3, 5879
List the prime factors of 2370060.
2, 3, 5, 7, 11, 19
What are the prime factors of 164748?
2,